5040?
True
Is 13569 a multiple of 25?
False
Does 33 divide 22464?
False
Is 45 a factor of 138?
False
Is 16 a factor of 1472?
True
Is 115 a factor of 2990?
True
Is 74 a factor of 1924?
True
Is 45 a factor of 1981?
False
Is 6013 a multiple of 7?
True
Is 15 a factor of 510?
True
Is 4884 a multiple of 66?
True
Is 21 a factor of 26?
False
Is 33 a factor of 462?
True
Does 17 divide 29?
False
Does 18 divide 125?
False
Does 139 divide 10981?
True
Does 25 divide 5475?
True
Is 19 a factor of 266?
True
Is 486 a multiple of 3?
True
Is 40 a factor of 2800?
True
Does 20 divide 6700?
True
Is 60 a factor of 2573?
False
Is 2010 a multiple of 33?
False
Is 9 a factor of 9182?
False
Is 19440 a multiple of 80?
True
Is 51 a multiple of 7?
False
Is 3 a factor of 141?
True
Is 20 a factor of 3317?
False
Is 200 a multiple of 14?
False
Is 90 a factor of 13691?
False
Is 316 a multiple of 4?
True
Does 8 divide 1664?
True
Is 37 a factor of 1258?
True
Does 27 divide 12960?
True
Is 12 a factor of 3852?
True
Does 5 divide 94?
False
Does 35 divide 8575?
True
Is 302 a multiple of 28?
False
Does 7 divide 312?
False
Does 14 divide 5502?
True
Does 34 divide 707?
False
Is 35 a factor of 430?
False
Does 128 divide 3968?
True
Is 47 a factor of 4747?
True
Does 91 divide 439?
False
Does 157 divide 25905?
True
Does 17 divide 6256?
True
Is 3 a factor of 41?
False
Is 884 a multiple of 52?
True
Is 13 a factor of 1274?
True
Does 11 divide 712?
False
Is 62 a factor of 46374?
False
Is 78 a factor of 1170?
True
Is 11157 a multiple of 62?
False
Is 46 a factor of 3496?
True
Does 32 divide 1524?
False
Is 11 a factor of 3364?
False
Is 15 a factor of 3480?
True
Is 57816 a multiple of 112?
False
Is 5 a factor of 8690?
True
Is 54675 a multiple of 27?
True
Is 375 a multiple of 5?
True
Is 15801 a multiple of 229?
True
Is 10 a factor of 315?
False
Does 22 divide 24065?
False
Is 30722 a multiple of 319?
False
Is 20463 a multiple of 255?
False
Does 6 divide 15210?
True
Is 6 a factor of 337?
False
Does 27 divide 243?
True
Is 7738 a multiple of 249?
False
Is 59 a factor of 273?
False
Does 89 divide 534?
True
Does 8 divide 8896?
True
Is 927 a multiple of 83?
False
Is 37 a factor of 8659?
False
Is 27 a factor of 918?
True
Is 686 a multiple of 20?
False
Is 11560 a multiple of 120?
False
Is 91 a multiple of 13?
True
Is 11682 a multiple of 99?
True
Is 1816 a multiple of 2?
True
Is 2152 a multiple of 61?
False
Is 1654 a multiple of 33?
False
Is 17094 a multiple of 11?
True
Is 2 a factor of 3092?
True
Is 14 a factor of 1596?
True
Is 1180 a multiple of 38?
False
Is 50 a factor of 1100?
True
Is 90 a multiple of 6?
True
Does 51 divide 14313?
False
Is 642 a multiple of 34?
False
Does 111 divide 12338?
False
Is 63 a factor of 819?
True
Is 345 a multiple of 69?
True
Is 2700 a multiple of 50?
True
Is 862 a multiple of 13?
False
Is 163 a multiple of 9?
False
Is 57 a factor of 17799?
False
Is 86 a factor of 1723?
False
Is 41 a factor of 2583?
True
Is 14274 a multiple of 101?
False
Does 48 divide 864?
True
Does 81 divide 922?
False
Is 13 a factor of 1560?
True
Is 12 a factor of 1344?
True
Is 11 a factor of 4360?
False
Does 112 divide 28896?
True
Is 61 a factor of 6222?
True
Is 3630 a multiple of 15?
True
Is 80 a multiple of 16?
True
Does 20 divide 1880?
True
Is 159 a factor of 45013?
False
Does 6 divide 2797?
False
Does 154 divide 17094?
True
Is 52437 a multiple of 77?
True
Is 40965 a multiple of 16?
False
Is 141 a factor of 27636?
True
Is 43 a factor of 33473?
False
Does 50 divide 2550?
True
Does 8 divide 2605?
False
Is 25 a factor of 4650?
True
Is 7 a factor of 8232?
True
Is 430 a multiple of 7?
False
Is 41 a factor of 20341?
False
Is 30 a factor of 42173?
False
Is 1558 a multiple of 28?
False
Is 119 a factor of 7119?
False
Is 23 a factor of 853?
False
Does 36 divide 1764?
True
Is 6 a factor of 454?
False
Does 48 divide 66246?
False
Does 19 divide 3097?
True
Does 7 divide 812?
True
Does 11 divide 1738?
True
Is 218 a multiple of 2?
True
Does 17 divide 1211?
False
Is 12 a factor of 348?
True
Does 23 divide 4370?
True
Is 6297 a multiple of 9?
False
Is 2090 a multiple of 55?
True
Is 1899 a multiple of 9?
True
Does 3 divide 925?
False
Is 770 a multiple of 10?
True
Is 5724 a multiple of 12?
True
Is 437 a multiple of 5?
False
Is 520 a multiple of 52?
True
Is 18 a factor of 47898?
True
Is 103808 a multiple of 92?
False
Is 154 a multiple of 22?
True
Is 424 a factor of 121985?
False
Does 18 divide 936?
True
Does 12 divide 24?
True
Is 18633 a multiple of 3?
True
Is 26 a factor of 9932?
True
Is 6 a factor of 816?
True
Is 10 a factor of 4902?
False
Does 19 divide 1073?
False
Is 14 a factor of 2338?
True
Is 11 a factor of 13541?
True
Is 21 a multiple of 7?
True
Does 22 divide 8385?
False
Is 4900 a multiple of 13?
False
Is 65 a factor of 2342?
False
Does 67 divide 298?
False
Does 26 divide 182?
True
Is 572 a multiple of 38?
False
Is 49 a factor of 1311?
False
Is 451 a multiple of 41?
True
Is 16243 a multiple of 7?
False
Is 176 a multiple of 144?
False
Is 24 a factor of 20040?
True
Does 293 divide 16701?
True
Is 226 a factor of 56048?
True
Is 3 a factor of 1615?
False
Is 462 a multiple of 33?
True
Is 12254 a multiple of 16?
False
Is 756 a multiple of 14?
True
Is 11189 a multiple of 67?
True
Is 74798 a multiple of 298?
True
Is 4742 a multiple of 23?
False
Is 2145 a multiple of 15?
True
Does 6 divide 7878?
True
Is 6403 a multiple of 15?
False
Is 41 a factor of 8819?
False
Is 23044 a multiple of 28?
True
Does 14 divide 115?
False
Is 414 a multiple of 147?
False
Does 210 divide 14975?
False
Does 14 divide 756?
True
Is 131 a factor of 7205?
True
Is 1040 a multiple of 63?
False
Is 3 a factor of 75?
True
Does 18 divide 3690?
True
Is 24 a factor of 12655?
False
Does 10 divide 19710?
True
Is 83 a factor of 6017?
False
Does 156 divide 17784?
True
Does 56 divide 449?
False
Is 4125 a multiple of 25?
True
Is 6707 a multiple of 19?
True
Is 6756 a multiple of 48?
False
Is 4375 a multiple of 9?
False
Does 30 divide 107?
False
Is 10374 a multiple of 21?
True
Is 22027 a multiple of 53?
False
Does 8 divide 136?
True
Is 6 a factor of 1659?
False
Is 33 a factor of 4191?
True
Is 40 a factor of 1040?
True
Is 61 a factor of 15067?
True
Does 14 divide 238?
True
Is 3 a factor of 297?
True
Is 23 a factor of 22847?
False
Does 16 divide 256?
True
Does 7 divide 51674?
True
Is 42 a factor of 3042?
False
Does 9 divide 5661?
True
Is 11 a factor of 22231?
True
Does 29 divide 2146?
True
Is 47 a factor of 61946?
True
Is 41148 a multiple of 36?
True
Is 236 a multiple of 13?
False
Is 3080 a multiple of 88?
True
Is 11 a factor of 4134?
False
Does 42 divide 2517?
False
Does 114 divide 2850?
True
Does 10 divide 13639?
False
Does 8 divide 376?
True
Does 54 divide 18722?
False
Does 67 divide 19467?
False
Is 12972 a multiple of 92?
True
Is 44 a factor of 2728?
True
Does 15 divide 675?
True
Is 605 a multiple of 11?
True
Is 17 a factor of 121409?
False
Does 8 divide 756?
False
Is 42 a factor of 2048?
False
Is 27 a factor of 270?
True
Does 5 divide 114?
False
Is 518 a multiple of 23?
False
Is 732 a multiple of 6?
True
Is 15055 a multiple of 10?
False
Is 221 a factor of 7072?
True
Is 11 a factor of 438?
False
Is 25 a factor of 600?
True
Is 15726 a multiple of 3?
True
Is 6 a factor of 181?
False
Does 15 divide 1594?
False
Does 14 divide 1260?
True
Is 210 a multiple of 10?
True
Does 19 divide 8062?
False
Is 2 a factor of 3401?
False
Is 3 a factor of 177?
True
Is 18 a factor of 360?
True
Is 51848 a multiple of 176?
False
Is 23 a factor of 19021?
True
Is 8 a factor of 281?
False
Is 16 a factor of 5469?
False
Is 48 a factor of 528?
True
Is 1421 a multiple of 7?
True
Does 29 divide 10938?
False
Does 80 divide 4615?
False
Is 31 a factor of 2790?
True
Does 38 divide 228?
True
Is 30 a factor of 4203?
False
Does 49 divide 1764?
True
Is 21325 a multiple of 14?
False
Does 26 divide 73206?
False
Does 17 divide 8896?
False
Is 38295 a multiple of 13?
False
Is 622 a multiple of 30?
False
Is 14 a factor of 742?
True
Is 21 a factor of 7770?
True
Is 1874 a multiple of 12?
False
Is 146 a factor of 27516?
False
Is 9 a factor of 12015?
True
Is 51 a factor of 20298?
True
Is 504 a multiple of 9?
True
Is 5980 a multiple of 15?
False
Is 74 a factor of 325?
False
Does 4 divide 3772?
True
Is 475 a multiple 